{"id":3724,"date":"2020-08-05T18:47:06","date_gmt":"2020-08-05T16:47:06","guid":{"rendered":"http:\/\/hec.dz\/newsite\/?page_id=3724"},"modified":"2020-08-22T23:50:50","modified_gmt":"2020-08-22T21:50:50","slug":"espace-entreprise","status":"publish","type":"page","link":"https:\/\/hec.dz\/newsite\/?page_id=3724&lang=fr","title":{"rendered":"Formation professionnelle"},"content":{"rendered":"<div class=\"flex_column av_one_full  flex_column_div av-zero-column-padding first  avia-builder-el-0  el_before_av_one_full  avia-builder-el-first  \" style='border-radius:0px; '><div style='padding-bottom:10px; ' class='av-special-heading av-special-heading-h3    avia-builder-el-1  avia-builder-el-no-sibling   '><h3 class='av-special-heading-tag '  itemprop=\"headline\"  >Formation professionnelle<\/h3><div class='special-heading-border'><div class='special-heading-inner-border' ><\/div><\/div><\/div><\/div><div class=\"flex_column av_one_full  flex_column_div av-zero-column-padding first  avia-builder-el-2  el_after_av_one_full  avia-builder-el-last  column-top-margin\" style='border-radius:0px; '><section class=\"av_textblock_section \"  itemscope=\"itemscope\" itemtype=\"https:\/\/schema.org\/CreativeWork\" ><div class='avia_textblock  '   itemprop=\"text\" ><p><strong>Formation continue<\/strong>\u00a0: l\u2019\u00e9cole assure des formations \u00e0 la carte selon la demande et les besoins des entreprises en toute flexibilit\u00e9.<\/p>\n<p><strong>PGS\u00a0:<\/strong> L\u2019Ecole des Hautes Etudes commerciales est habilit\u00e9e par le Minist\u00e8re de l\u2019Enseignement Sup\u00e9rieur et de la Recherche Scientifique, pour assurer des formations de post-graduation sp\u00e9cialis\u00e9e (PGS) dans diff\u00e9rentes sp\u00e9cialit\u00e9s (Management, Marketing, audit et contr\u00f4le de gestion, ing\u00e9nierie financi\u00e8re, management de la logistique et des transports, Management leadership et strat\u00e9gie d&#8217;entreprise, gestion des ressources humaines, management des organisations de la sant\u00e9\u2026) ces formations sont dispens\u00e9es en partenariat avec diff\u00e9rentes structures et \u00e9coles de renom.<\/p>\n<p><strong>\u00a0<\/strong><\/p>\n<\/div><\/section><\/div><\/p>\n","protected":false},"excerpt":{"rendered":"","protected":false},"author":1,"featured_media":0,"parent":4146,"menu_order":0,"comment_status":"closed","ping_status":"closed","template":"","meta":{"_mi_skip_tracking":false,"_monsterinsights_sitenote_active":false,"_monsterinsights_sitenote_note":"","_monsterinsights_sitenote_category":0},"_links":{"self":[{"href":"https:\/\/hec.dz\/newsite\/index.php?rest_route=\/wp\/v2\/pages\/3724"}],"collection":[{"href":"https:\/\/hec.dz\/newsite\/index.php?rest_route=\/wp\/v2\/pages"}],"about":[{"href":"https:\/\/hec.dz\/newsite\/index.php?rest_route=\/wp\/v2\/types\/page"}],"author":[{"embeddable":true,"href":"https:\/\/hec.dz\/newsite\/index.php?rest_route=\/wp\/v2\/users\/1"}],"replies":[{"embeddable":true,"href":"https:\/\/hec.dz\/newsite\/index.php?rest_route=%2Fwp%2Fv2%2Fcomments&post=3724"}],"version-history":[{"count":6,"href":"https:\/\/hec.dz\/newsite\/index.php?rest_route=\/wp\/v2\/pages\/3724\/revisions"}],"predecessor-version":[{"id":4216,"href":"https:\/\/hec.dz\/newsite\/index.php?rest_route=\/wp\/v2\/pages\/3724\/revisions\/4216"}],"up":[{"embeddable":true,"href":"https:\/\/hec.dz\/newsite\/index.php?rest_route=\/wp\/v2\/pages\/4146"}],"wp:attachment":[{"href":"https:\/\/hec.dz\/newsite\/index.php?rest_route=%2Fwp%2Fv2%2Fmedia&parent=3724"}],"curies":[{"name":"wp","href":"https:\/\/api.w.org\/{rel}","templated":true}]}}