{"id":3536,"date":"2020-06-30T10:54:46","date_gmt":"2020-06-30T08:54:46","guid":{"rendered":"http:\/\/hec.dz\/newsite\/?page_id=3536"},"modified":"2025-07-17T12:03:14","modified_gmt":"2025-07-17T10:03:14","slug":"structure-de-lecole","status":"publish","type":"page","link":"https:\/\/hec.dz\/newsite\/?page_id=3536&lang=fr","title":{"rendered":"Structure de l\u2019\u00e9cole"},"content":{"rendered":"<div class=\"flex_column av_one_full  flex_column_div av-zero-column-padding first  avia-builder-el-0  el_before_av_one_full  avia-builder-el-first  \" style='border-radius:0px; '><p><div style='padding-bottom:10px; ' class='av-special-heading av-special-heading-h2  blockquote modern-quote modern-centered  avia-builder-el-1  el_before_av_hr  avia-builder-el-first   '><h2 class='av-special-heading-tag '  itemprop=\"headline\"  >STRUCTURE DE L\u2019ECOLE<\/h2><div class='special-heading-border'><div class='special-heading-inner-border' ><\/div><\/div><\/div><br \/>\n<div style=' margin-top:30px; margin-bottom:30px;'  class='hr hr-custom hr-center hr-icon-no   avia-builder-el-2  el_after_av_heading  avia-builder-el-last  '><span class='hr-inner   inner-border-av-border-fat' style=' width:50px; border-color:#5fa1e8;' ><span class='hr-inner-style'><\/span><\/span><\/div><\/p><\/div>\n<div class=\"flex_column av_one_full  flex_column_div av-zero-column-padding first  avia-builder-el-3  el_after_av_one_full  el_before_av_one_full  column-top-margin\" style='border-radius:0px; '><p><div style='padding-bottom:10px; ' class='av-special-heading av-special-heading-h3  blockquote modern-quote  avia-builder-el-4  el_before_av_image  avia-builder-el-first   '><h3 class='av-special-heading-tag '  itemprop=\"headline\"  >Organigramme <\/h3><div class='special-heading-border'><div class='special-heading-inner-border' ><\/div><\/div><\/div><br \/>\n<div class='avia-image-container  av-styling-    avia-builder-el-5  el_after_av_heading  el_before_av_hr   avia-align-center '  itemprop=\"image\" itemscope=\"itemscope\" itemtype=\"https:\/\/schema.org\/ImageObject\"  ><div class='avia-image-container-inner'><div class='avia-image-overlay-wrap'><img class='avia_image' src='https:\/\/hec.dz\/newsite\/wp-content\/uploads\/2020\/08\/organigramme-EHEC--1030x606.jpg' alt='' title='organigramme EHEC' height=\"606\" width=\"1030\"  itemprop=\"thumbnailUrl\"  \/><\/div><\/div><\/div><br \/>\n<div style=' margin-top:30px; margin-bottom:30px;'  class='hr hr-custom hr-left hr-icon-no   avia-builder-el-6  el_after_av_image  avia-builder-el-last  '><span class='hr-inner   inner-border-av-border-fat' style=' width:50px; border-color:#5fa1e8;' ><span class='hr-inner-style'><\/span><\/span><\/div><\/p><\/div>\n<div class=\"flex_column av_one_full  flex_column_div av-zero-column-padding first  avia-builder-el-7  el_after_av_one_full  el_before_av_hr  column-top-margin\" style='border-radius:0px; '><p><div style='padding-bottom:10px; ' class='av-special-heading av-special-heading-h3  blockquote modern-quote modern-centered  avia-builder-el-8  el_before_av_hr  avia-builder-el-first   '><h3 class='av-special-heading-tag '  itemprop=\"headline\"  >Sous-direction des enseignements et de la formation continue<\/h3><div class='special-heading-border'><div class='special-heading-inner-border' ><\/div><\/div><\/div><br \/>\n<div style=' margin-top:30px; margin-bottom:30px;'  class='hr hr-custom hr-center hr-icon-no   avia-builder-el-9  el_after_av_heading  el_before_av_textblock  '><span class='hr-inner   inner-border-av-border-fat' style=' width:50px; border-color:#5fa1e8;' ><span class='hr-inner-style'><\/span><\/span><\/div><br \/>\n<section class=\"av_textblock_section \"  itemscope=\"itemscope\" itemtype=\"https:\/\/schema.org\/CreativeWork\" ><div class='avia_textblock  '   itemprop=\"text\" ><p><strong>Directeur\u00a0<\/strong>: Pr. Amel Bicha<\/p>\n<p><strong>Email<\/strong> : <span class=\"gI\"><span class=\"qu\" tabindex=\"-1\" role=\"gridcell\"><span class=\"go\">kasmiamel332@gmail.com<\/span><\/span><\/span><\/p>\n<p><strong>Bureau\u00a0<\/strong>: 1er \u00e9tage<\/p>\n<div class=\"avia-modal-inner-footer\"><a class=\"avia-modal-save button button-primary button-large\" href=\"https:\/\/hec.dz\/newsite\/wp-admin\/post.php?post=3536&#038;action=edit#save\">Enregistrer<\/a><\/div>\n<\/div><\/section><br \/>\n<section class=\"av_textblock_section \"  itemscope=\"itemscope\" itemtype=\"https:\/\/schema.org\/CreativeWork\" ><div class='avia_textblock  '   itemprop=\"text\" ><p>La direction charg\u00e9e\u00a0des enseignements, des dipl\u00f4mes de la formation continue est une structure p\u00e9dagogique charg\u00e9e\u00a0:<\/p>\n<ul>\n<li>de suivre et d&#8217;\u00e9valuer le d\u00e9roulement des enseignements et des stages ;<\/li>\n<li>de veiller \u00e0 la coh\u00e9rence des offres de formation pr\u00e9sent\u00e9es par les d\u00e9partements avec le plan de d\u00e9veloppement de l&#8217;\u00e9cole ;<\/li>\n<li>de veiller au respect de la r\u00e9glementation en vigueur en mati\u00e8re d&#8217;inscription, de r\u00e9inscription, de contr\u00f4le des connaissances, d&#8217;orientation et de r\u00e9orientation des \u00e9tudiants ;<\/li>\n<li>de veiller au respect de la r\u00e9glementation en vigueur et de la proc\u00e9dure de d\u00e9livrance des dipl\u00f4mes ;<\/li>\n<li>de suivre le d\u00e9roulement de la formation de classe pr\u00e9paratoire ;<\/li>\n<li>de coordonner avec les comit\u00e9s p\u00e9dagogiques de l&#8217;\u00e9cole ou au niveau national ;<\/li>\n<li>d&#8217;assurer la tenue et la mise \u00e0 jour du fichier nominatif des \u00e9tudiants ;<\/li>\n<li>d&#8217;assurer la formation initiale pour les \u00e9tudiants des \u00e9coles normales sup\u00e9rieures ;<\/li>\n<li>de promouvoir les activit\u00e9s de formation continue, de perfectionnement et de recyclage au profit des cadres des secteurs socio-\u00e9conomiques.<\/li>\n<\/ul>\n<p>Il rel\u00e8ve de cette direction, les services ci-dessous\u00a0:<\/p>\n<ul>\n<li>Service des enseignements, des stages et de l\u2019\u00e9valuation.<\/li>\n<li>Service des dipl\u00f4mes<\/li>\n<li>Service de la formation continue<\/li>\n<\/ul>\n<blockquote>\n<p style=\"text-align: center;\"><strong>Adresse mail\u00a0:d.etudes@hec.dz<\/strong><\/p>\n<\/blockquote>\n<\/div><\/section><br \/>\n<section class=\"av_textblock_section \"  itemscope=\"itemscope\" itemtype=\"https:\/\/schema.org\/CreativeWork\" ><div class='avia_textblock  '   itemprop=\"text\" ><p><strong>Pr\u00e9sentation des d\u00e9partements<\/strong><\/p>\n<p><strong>D\u00e9partement\u00a0du Cycle Pr\u00e9paratoire <\/strong><\/p>\n<p>Le Cycle Pr\u00e9paratoire est la phase du premier cycle de formation en sciences \u00e9conomiques de gestion et commerciales, qui regroupe des enseignements fondamentaux de diff\u00e9rentes disciplines, destin\u00e9s aux \u00e9tudiants de 1<sup>\u00e8re<\/sup> et 2<sup>\u00e8me<\/sup> ann\u00e9es classes pr\u00e9paratoires.<\/p>\n<p>Le d\u00e9partement du Cycle Pr\u00e9paratoire forme les \u00e9tudiants au passage du concours national donnant acc\u00e8s au second cycle de la formation des \u00e9coles sup\u00e9rieures.<\/p>\n<p><strong>D\u00e9partement Sciences Commerciales<\/strong><\/p>\n<p>Le D\u00e9partement des Sciences Commerciales accueille des \u00e9tudiants issus des diff\u00e9rentes \u00e9coles pr\u00e9paratoires en sciences \u00e9conomiques, commerciales et de gestion, admis par la voie d\u2019un concours, et ce apr\u00e8s deux ann\u00e9es de formation.<\/p>\n<p>Le D\u00e9partement de la premi\u00e8re ann\u00e9e Master Sciences Commerciales (Tronc-commun)\u00a0 \u00a0HEC a \u00e9t\u00e9 cr\u00e9\u00e9 le 14 juillet 2013 par l\u2019arr\u00eat\u00e9 minist\u00e9riel N\u00b0 486 du 14\/07\/2013 modifiant et compl\u00e9tant l\u2019arr\u00eat\u00e9 N\u00b0 37 du 22\/02\/2010 portant la cr\u00e9ation des d\u00e9partements composant l\u2019Ecole des Hautes Etudes Commerciales.<\/p>\n<p><strong>D\u00e9partement Affaires Internationale<\/strong><\/p>\n<p>L\u2019objectif principal du d\u00e9partement Affaires Internationale de l\u2019\u00e9cole des Hautes Etudes Commerciales est d\u2019assurer une formation ad\u00e9quate d\u2019un point de vue th\u00e9orique et pratique afin de fonder les d\u00e9cisions sp\u00e9cifique \u00e0 l\u2019activit\u00e9 \u00e9conomiques \u00e0 l\u2019international.<\/p>\n<p>Le Master sp\u00e9cialis\u00e9 en Commerce International vise \u00e0 former des gestionnaires cosmopolites qui ont une compr\u00e9hension profonde de trois sujets fondamentaux :<\/p>\n<ul>\n<li>La mondialisation des march\u00e9s,<\/li>\n<li>Les enjeux strat\u00e9giques de l\u2019internationalisation,<\/li>\n<li>L\u2019innovation et le d\u00e9veloppement social \u00e0 l\u2019international.<\/li>\n<\/ul>\n<p>Les cours sont donn\u00e9s par une \u00e9quipe de professeurs chevronn\u00e9s, polyglottes, aux horizons culturels vari\u00e9s, et ayant chacun \u00e0 leur actif une vaste exp\u00e9rience internationale. En collaboration avec ceux-ci, nous d\u00e9velopperons les comp\u00e9tences n\u00e9cessaires des \u00e9tudiants pour mener avec succ\u00e8s une carri\u00e8re \u00e0 l\u2019international, tant dans les pays industrialis\u00e9s que dans les pays \u00e9mergents.<\/p>\n<p>Le d\u00e9partement Commerce international HEC a \u00e9t\u00e9 cr\u00e9\u00e9 le 14 juillet 2013 par l\u2019arr\u00eat\u00e9 minist\u00e9riel N\u00b0 486 du 14\/07\/2013 modifiant et compl\u00e9tant l\u2019arr\u00eat\u00e9 N\u00b0 37 de la 22\/02\/2010 portante cr\u00e9ation des d\u00e9partements composant l\u2019\u00e9cole des hautes \u00e9tudes commerciales.<\/p>\n<p><strong>D\u00e9partement Marketing<\/strong><\/p>\n<p>Le D\u00e9partement Marketing HEC a \u00e9t\u00e9 cr\u00e9\u00e9 le 14 juillet 2013 par l\u2019arr\u00eat\u00e9 minist\u00e9riel N\u00b0 486 du 14\/07\/2013 modifiant et compl\u00e9tant l\u2019arr\u00eat\u00e9 N\u00b0 37 du 22\/02\/2010 portant la cr\u00e9ation des d\u00e9partements composant l\u2019\u00e9cole des hautes \u00e9tudes commerciales.<\/p>\n<p>Le d\u00e9partement Marketing englobe quatre sp\u00e9cialit\u00e9s hissant la liste des sciences commerciales, en l\u2019occurrence :<\/p>\n<ul>\n<li>Le Marketing Digital<\/li>\n<li>Le Marketing Management<\/li>\n<li>La Distribution et Commerce Connect\u00e9<\/li>\n<li>Le Management de la Chaine Logistique<\/li>\n<\/ul>\n<p>La pers\u00e9v\u00e9rance, la cr\u00e9ativit\u00e9, le leadership, l\u2019ouverture d\u2019esprit, la coop\u00e9ration, l\u2019innovation et l\u2019am\u00e9lioration continue sont autant de qualit\u00e9s que le D\u00e9partement de marketing EHEC cherche \u00e0 transmettre \u00e0 ses \u00e9tudiants et \u00e0 son personnel.<\/p>\n<p><strong>D\u00e9partement\u00a0Management<\/strong><\/p>\n<p>Le d\u00e9partement management HEC a \u00e9t\u00e9 cr\u00e9\u00e9 le 14 juillet 2013 par l\u2019arr\u00eat\u00e9 minist\u00e9riel N\u00b0 486 du 14\/07\/2013 modifiant et compl\u00e9tant l\u2019arr\u00eat\u00e9 N\u00b0 37 de la 22\/02\/2010 portant sur la cr\u00e9ation des d\u00e9partements composant l\u2019\u00e9cole des hautes \u00e9tudes commerciales.<\/p>\n<p>Il g\u00e8re trois sp\u00e9cialit\u00e9s de grande importance que sont\u00a0:<\/p>\n<ul>\n<li>Finance Banques et Assurances<\/li>\n<li>Comptabilit\u00e9 et Audit<\/li>\n<li>Management et entrepreneuriat<\/li>\n<li>Management des Ressources Humaines.<\/li>\n<li>Management pour Ing\u00e9nieurs<\/li>\n<\/ul>\n<p>Il garantit aux \u00e9tudiants une qualit\u00e9 de formation gr\u00e2ce \u00e0 la vari\u00e9t\u00e9 des modules dispens\u00e9s, des comp\u00e9tences des enseignants et \u00e9galement du haut niveau de gestion administrative.<\/p>\n<\/div><\/section><\/p><\/div>\n<div style=' margin-top:30px; margin-bottom:30px;'  class='hr hr-custom hr-center hr-icon-no   avia-builder-el-13  el_after_av_one_full  el_before_av_one_full  '><span class='hr-inner   inner-border-av-border-fat' style=' width:50px; border-color:#5fa1e8;' ><span class='hr-inner-style'><\/span><\/span><\/div>\n<div class=\"flex_column av_one_full  flex_column_div av-zero-column-padding first  avia-builder-el-14  el_after_av_hr  el_before_av_one_full  \" style='border-radius:0px; '><p><div style='padding-bottom:10px; ' class='av-special-heading av-special-heading-h3  blockquote modern-quote modern-centered  avia-builder-el-15  el_before_av_textblock  avia-builder-el-first   '><h3 class='av-special-heading-tag '  itemprop=\"headline\"  >Direction de la Formation Doctorale, de la Recherche scientifique et du d\u00e9veloppement technologique, de l\u2018innovation et de la promotion de l\u2019entrepreneuriat   <\/h3><div class='special-heading-border'><div class='special-heading-inner-border' ><\/div><\/div><\/div><br \/>\n<section class=\"av_textblock_section \"  itemscope=\"itemscope\" itemtype=\"https:\/\/schema.org\/CreativeWork\" ><div class='avia_textblock  '   itemprop=\"text\" ><p><strong>Directeur\u00a0<\/strong>: Pr Meriem <span class=\"il\">LEBSAIRA<\/span>\u00a0BENSALEM<\/p>\n<p><strong>Email<\/strong> : <span class=\"fontstyle0\">m.lebsaira@hec.dz<\/span><\/p>\n<p><strong>Bureau\u00a0<\/strong>: A72<\/p>\n<p><strong>\u00a0<\/strong><\/p>\n<\/div><\/section><br \/>\n<section class=\"av_textblock_section \"  itemscope=\"itemscope\" itemtype=\"https:\/\/schema.org\/CreativeWork\" ><div class='avia_textblock  '   itemprop=\"text\" ><p><strong><u>Missions\u00a0:<\/u><\/strong><\/p>\n<ul>\n<li>Organiser et de suivre le d\u00e9roulement des formations doctorales et de veiller a l&#8217;application de la r\u00e9glementation en vigueur en la mati\u00e8re ;<\/li>\n<li>Participer \u00e0 la promotion et \u00e0 l\u2019animation de la politique de recherche de l&#8217;\u00e9cole ;<\/li>\n<li>Suivre les activit\u00e9s de recherche des laboratoires et des unit\u00e9s de recherche avec les d\u00e9partements ;<\/li>\n<li>Mener toute action de valorisation des r\u00e9sultats de la recherche ;<\/li>\n<li>Collecter et diffuser les informations sur les activit\u00e9s de recherche men\u00e9es par l&#8217;\u00e9cole ;<\/li>\n<li>Assurer le suivi des programmes de formation, de perfectionnement et de recyclage des enseignants et de veiller \u00e0 leur coh\u00e9rence ;<\/li>\n<li>Assurer le suivi du fonctionnement du conseil scientifique de l&#8217;\u00e9cole et de coordonner l&#8217;action des comit\u00e9s scientifiques de d\u00e9partement ;<\/li>\n<li>Initier des actions de promotion des \u00e9changes et de coop\u00e9ration avec d&#8217;autres \u00e9tablissements d&#8217;enseignement sup\u00e9rieur en mati\u00e8re d&#8217;enseignement et de recherche ;<\/li>\n<li>R\u00e9pondre aux besoins des entreprises et des institutions nationales en mati\u00e8re de recherche scientifique et de d\u00e9veloppement technologique ;<\/li>\n<li>Encourager le d\u00e9veloppement de l&#8217;innovation et de l&#8217;entreprenariat.<\/li>\n<\/ul>\n<p><strong><u>Vision\u00a0:<\/u><\/strong><\/p>\n<ul>\n<li>Rapprochement des acteurs sociaux \u00e9conomiques pour la cr\u00e9ation ou l\u2019int\u00e9gration d\u2019un \u00e9cosyst\u00e8me via le partenariat, le d\u00e9veloppement technologique et l\u2019innovation.<\/li>\n<li>Viser les secteurs strat\u00e9giques qui sont align\u00e9s \u00e0 la politique de d\u00e9veloppement global du pays\u00a0: L\u2019agriculture, le tourisme et l\u2019industrie, l\u2019\u00e9ducation, l\u2019\u00e9nergie, le d\u00e9veloppement durable et la sauvegarde des ressources hydriques.<\/li>\n<li>Rendre visible et Valoriser les produits de la recherche via le partenariat.<\/li>\n<li>R\u00e9pondre aux besoins du secteur socio\u00e9conomique en probl\u00e9matisant les difficult\u00e9s rencontr\u00e9s par ses acteurs afin de trouver des solutions par la recherche scientifique.<\/li>\n<li>Formation de cadres chercheurs et professionnels hautement qualifi\u00e9s (Docteur, Enseignant chercheur, Chercheur, professionnel).<\/li>\n<li>Am\u00e9liorer la comp\u00e9titivit\u00e9 et l\u2019attractivit\u00e9 du produit scientifique.<\/li>\n<\/ul>\n<p><strong>\u00a0<\/strong><\/p>\n<\/div><\/section><\/p><\/div>\n<div class=\"flex_column av_one_full  flex_column_div av-zero-column-padding first  avia-builder-el-18  el_after_av_one_full  el_before_av_one_full  column-top-margin\" style='border-radius:0px; '><p><div style='padding-bottom:10px; ' class='av-special-heading av-special-heading-h3  blockquote modern-quote modern-centered  avia-builder-el-19  el_before_av_hr  avia-builder-el-first   '><h3 class='av-special-heading-tag '  itemprop=\"headline\"  >Direction des syst\u00e8mes d\u2019information et de communication et de relations ext\u00e9rieures <\/h3><div class='special-heading-border'><div class='special-heading-inner-border' ><\/div><\/div><\/div><br \/>\n<div style=' margin-top:30px; margin-bottom:30px;'  class='hr hr-custom hr-center hr-icon-no   avia-builder-el-20  el_after_av_heading  el_before_av_textblock  '><span class='hr-inner   inner-border-av-border-fat' style=' width:50px; border-color:#5fa1e8;' ><span class='hr-inner-style'><\/span><\/span><\/div><br \/>\n<section class=\"av_textblock_section \"  itemscope=\"itemscope\" itemtype=\"https:\/\/schema.org\/CreativeWork\" ><div class='avia_textblock  '   itemprop=\"text\" ><p><strong>Directrice\u00a0<\/strong>: Dr. Hind BELHOUADJEB<\/p>\n<p><strong>Email\u00a0<\/strong>: relex@hec.dz<\/p>\n<p><strong>T\u00e9l\u00e9phone\u00a0<\/strong>: 024 38 01 02<\/p>\n<p><strong>Bureau\u00a0<\/strong>: A74<\/p>\n<p>La direction des syst\u00e8mes d\u2019information et de communication et des relations ext\u00e9rieures\u00a0est charg\u00e9e de\u00a0:<\/p>\n<ul>\n<li>Promouvoir les relations de l\u2019\u00e9cole avec son environnement socio-\u00e9conomique et d\u2019initier des programmes de partenariat.<\/li>\n<li>Initier toute action de promotion des \u00e9changes inter-universitaires et de la coop\u00e9ration dans les domaines de l\u2019enseignement et de la recherche.<\/li>\n<li>Mener des actions d\u2019animation et de communication.<\/li>\n<li>Organiser et promouvoir les manifestations scientifiques.<\/li>\n<li>Assurer le suivi des programmes de la formation continue\u00a0et de recyclage au profil des entreprises conventionn\u00e9es.<\/li>\n<li>Tenir des statistiques de l\u2019\u00e9cole.<\/li>\n<li>Mettre \u00e0 la disposition des \u00e9tudiants toutes informations devant les aider dans leur orientation<\/li>\n<\/ul>\n<\/div><\/section><\/p><\/div>\n<div class=\"flex_column av_one_full  flex_column_div av-zero-column-padding first  avia-builder-el-22  el_after_av_one_full  avia-builder-el-last  column-top-margin\" style='border-radius:0px; '><p><div style='padding-bottom:10px; ' class='av-special-heading av-special-heading-h3  blockquote modern-quote  avia-builder-el-23  el_before_av_textblock  avia-builder-el-first   '><h3 class='av-special-heading-tag '  itemprop=\"headline\"  >FAITS ET CHIFFRES<\/h3><div class='special-heading-border'><div class='special-heading-inner-border' ><\/div><\/div><\/div><br \/>\n<section class=\"av_textblock_section \"  itemscope=\"itemscope\" itemtype=\"https:\/\/schema.org\/CreativeWork\" ><div class='avia_textblock  '   itemprop=\"text\" ><p><strong>Communaut\u00e9 \u00e9tudiante\u00a0:<\/strong><\/p>\n<p>Dipl\u00f4m\u00e9s de la Graduation 2024 \/ 2025 : 182<\/p>\n<p>Total des inscrits en Post-Graduation 2024 \/ 2025\u00a0 :<\/p>\n<p>Total inscrits en Graduation 2024 \/ 2025 : 1598<\/p>\n<p><strong>Corps professoral : 101<\/strong><\/p>\n<p>Professeur : 34<\/p>\n<p>Ma\u00eetre de conf\u00e9rences cat\u00e9gorie A :<\/p>\n<p>Ma\u00eetre de conf\u00e9rences cat\u00e9gorie B :<\/p>\n<p>Ma\u00eetre Assistant cat\u00e9gorie A :<\/p>\n<p>Ma\u00eetre Assistant Cat\u00e9gorie B :<\/p>\n<p><strong>Corps administratif : 163<\/strong><\/p>\n<p><strong>Infrastructure de l\u2019\u00e9cole\u00a0: <\/strong><\/p>\n<p>Amphi\u00a0: 03<\/p>\n<p>Salle TD : 37<\/p>\n<p>Locaux Laboratoires de recherche\u00a0: 02<\/p>\n<p>Salle informatique\u00a0: 02<\/p>\n<p>Salle internet\u00a0: 01<\/p>\n<p>Centre de calcul\u00a0: 01<\/p>\n<p>Biblioth\u00e8que\u00a0: 01<\/p>\n<p>Salle de lecture : 02<\/p>\n<p>Auditorium\u00a0: 01<\/p>\n<p>Terrain de foot\u00a0:\u00a0 01<\/p>\n<\/div><\/section><br \/>\n<div style=' margin-top:30px; margin-bottom:30px;'  class='hr hr-custom hr-left hr-icon-no   avia-builder-el-25  el_after_av_textblock  avia-builder-el-last  '><span class='hr-inner   inner-border-av-border-fat' style=' width:50px; border-color:#5fa1e8;' ><span class='hr-inner-style'><\/span><\/span><\/div><\/p><\/div>\n","protected":false},"excerpt":{"rendered":"","protected":false},"author":1,"featured_media":0,"parent":3528,"menu_order":0,"comment_status":"closed","ping_status":"closed","template":"","meta":{"_mi_skip_tracking":false,"_monsterinsights_sitenote_active":false,"_monsterinsights_sitenote_note":"","_monsterinsights_sitenote_category":0},"_links":{"self":[{"href":"https:\/\/hec.dz\/newsite\/index.php?rest_route=\/wp\/v2\/pages\/3536"}],"collection":[{"href":"https:\/\/hec.dz\/newsite\/index.php?rest_route=\/wp\/v2\/pages"}],"about":[{"href":"https:\/\/hec.dz\/newsite\/index.php?rest_route=\/wp\/v2\/types\/page"}],"author":[{"embeddable":true,"href":"https:\/\/hec.dz\/newsite\/index.php?rest_route=\/wp\/v2\/users\/1"}],"replies":[{"embeddable":true,"href":"https:\/\/hec.dz\/newsite\/index.php?rest_route=%2Fwp%2Fv2%2Fcomments&post=3536"}],"version-history":[{"count":41,"href":"https:\/\/hec.dz\/newsite\/index.php?rest_route=\/wp\/v2\/pages\/3536\/revisions"}],"predecessor-version":[{"id":19070,"href":"https:\/\/hec.dz\/newsite\/index.php?rest_route=\/wp\/v2\/pages\/3536\/revisions\/19070"}],"up":[{"embeddable":true,"href":"https:\/\/hec.dz\/newsite\/index.php?rest_route=\/wp\/v2\/pages\/3528"}],"wp:attachment":[{"href":"https:\/\/hec.dz\/newsite\/index.php?rest_route=%2Fwp%2Fv2%2Fmedia&parent=3536"}],"curies":[{"name":"wp","href":"https:\/\/api.w.org\/{rel}","templated":true}]}}