{"id":16642,"date":"2024-10-16T12:29:05","date_gmt":"2024-10-16T10:29:05","guid":{"rendered":"https:\/\/hec.dz\/newsite\/?page_id=16642"},"modified":"2024-10-16T12:50:06","modified_gmt":"2024-10-16T10:50:06","slug":"bibliotheque","status":"publish","type":"page","link":"https:\/\/hec.dz\/newsite\/?page_id=16642&lang=fr","title":{"rendered":"Bibliotheque"},"content":{"rendered":"<div id='fullscreen_slider_1' class='avia-fullscreen-slider main_color   avia-builder-el-0  el_before_av_two_third  avia-builder-el-first   container_wrap sidebar_right' style=' '  ><div  data-size='extra_large'  data-lightbox_size='large'  data-animation='slide'  data-conditional_play=''  data-ids='16645'  data-video_counter='0'  data-autoplay='false'  data-bg_slider='true'  data-slide_height='100'  data-handle='av_fullscreen'  data-interval='5'  data-class=' '  data-css_id='fullscreen_slider_1'  data-scroll_down=''  data-control_layout='av-control-default'  data-custom_markup=''  data-perma_caption=''  data-autoplay_stopper=''  data-image_attachment=''  data-min_height='0px'  data-stretch=''  data-default-height='100'  class='avia-slideshow avia-slideshow-1  av-control-default av-default-height-applied avia-slideshow-extra_large av_fullscreen   avia-slide-slider '  itemprop=\"image\" itemscope=\"itemscope\" itemtype=\"https:\/\/schema.org\/ImageObject\" ><ul class='avia-slideshow-inner ' style='padding-bottom: 29.933333333333%;' ><li style='background-position:center center;' data-img-url='https:\/\/hec.dz\/newsite\/wp-content\/uploads\/2024\/10\/Biblio-1-1500x449.png' class=' av-single-slide slide-1 ' ><div data-rel='slideshow-1' class='avia-slide-wrap '   ><\/div><\/li><\/ul><\/div><\/div><div id='after_full_slider_1' class='main_color av_default_container_wrap container_wrap sidebar_right' style=' '  ><div class='container' ><div class='template-page content  av-content-small alpha units'><div class='post-entry post-entry-type-page post-entry-16642'><div class='entry-content-wrapper clearfix'>\n<div class=\"flex_column av_two_third  av-animated-generic pop-up  flex_column_div av-zero-column-padding first  avia-builder-el-1  el_after_av_fullscreen  el_before_av_one_third  avia-builder-el-first   \" style='border-radius:0px; '><p><div style='padding-bottom:10px; color:#2985e8;' class='av-special-heading av-special-heading-h2 custom-color-heading   avia-builder-el-2  el_before_av_textblock  avia-builder-el-first   '><h2 class='av-special-heading-tag '  itemprop=\"headline\"  >Reconnaitre la Biblioth\u00e8que<\/h2><div class='special-heading-border'><div class='special-heading-inner-border' style='border-color:#2985e8'><\/div><\/div><\/div><br \/>\n<section class=\"av_textblock_section \"  itemscope=\"itemscope\" itemtype=\"https:\/\/schema.org\/CreativeWork\" ><div class='avia_textblock  '   itemprop=\"text\" ><p>La biblioth\u00e8que de l\u2019\u00e9cole a commenc\u00e9 \u00e0 fournir ses services aux utilisateurs d\u00e8s le d\u00e9but de la cr\u00e9ation de l\u2019\u00e9cole et c\u2019est en 1970, et elle s\u2019est d\u00e9velopp\u00e9e avec les \u00e9tapes de d\u00e9veloppement de l\u2019\u00e9cole.<\/p>\n<p>C\u2019est un espace de travail, d\u2019\u00e9tude et de convivialit\u00e9. Elle a pour r\u00f4le d\u2019accompagner et de soutenir les activit\u00e9s d\u2019enseignement et de recherche.<\/p>\n<p>L\u2019action documentaire de la biblioth\u00e8que se d\u00e9cline en missions :<\/p>\n<ul>\n<li>Soutien \u00e0 l\u2019enseignement en r\u00e9pondant aux besoins des \u00e9tudiants dans le cadre de leur formation initiale et continue que des enseignants dans le cadre de leur activit\u00e9 p\u00e9dagogique.<\/li>\n<li>Soutien aux activit\u00e9s de recherche en offrant une documentation appropri\u00e9e.<\/li>\n<li>Conservation et valorisation de la production scientifique de l\u2019\u00e9tablissement.<\/li>\n<\/ul>\n<p>La biblioth\u00e8que a toujours pens\u00e9 au d\u00e9veloppement de ses collections de documents. Elle dispose en particulier de documents traitant du marketing, du management des entreprises, de l\u2019\u00e9conomie, de la comptabilit\u00e9, des techniques quantitatives, de la m\u00e9thodologie de recherche et de l\u2019informatique. On y trouve \u00e9galement des romans, des biographies et des essais\u2026<\/p>\n<p>La Biblioth\u00e8que met aussi \u00e0 la disposition de ses usagers les travaux de recherche et d\u2019\u00e9tude produits par les \u00e9tudiants de l\u2019\u00e9cole (m\u00e9moires, th\u00e8ses).<\/p>\n<p>Dans le cadre de la coop\u00e9ration, la biblioth\u00e8que participe aux catalogues nationaux :<\/p>\n<ul>\n<li>Contribution au portail national des th\u00e8ses sur le lien :\u00a0<a href=\"https:\/\/www.pnst.cerist.dz\/\">www.pnst.cerist.dz<\/a><\/li>\n<li>Contribution au catalogue collectif alg\u00e9rien sur le lien :\u00a0<a href=\"https:\/\/www.ccdz.cerist.dz\/\">www.ccdz.cerist.dz\u00a0<\/a><\/li>\n<\/ul>\n<\/div><\/section><\/p><\/div>\n<div class=\"flex_column av_one_third  flex_column_div av-zero-column-padding   avia-builder-el-4  el_after_av_two_third  el_before_av_two_third  \" style='border-radius:0px; '><div class='avia-gallery  avia-gallery-1 avia_lazyload avia-gallery-animate avia_animate_when_visible  avia-builder-el-5  avia-builder-el-no-sibling  '  itemprop=\"image\" itemscope=\"itemscope\" itemtype=\"https:\/\/schema.org\/ImageObject\" ><div class='avia-gallery-thumb'> <a href='https:\/\/hec.dz\/newsite\/wp-content\/uploads\/2024\/10\/organigramme.png' data-rel='gallery-1' data-prev-img='https:\/\/hec.dz\/newsite\/wp-content\/uploads\/2024\/10\/organigramme-495x400.png' class='first_thumb lightbox ' data-onclick='1' title=''  itemprop=\"thumbnailUrl\" ><img  src='https:\/\/hec.dz\/newsite\/wp-content\/uploads\/2024\/10\/organigramme-495x400.png' width='495' height='400'  title='organigramme' alt='' \/><\/a><\/div><\/div><\/div>\n<div class=\"flex_column av_two_third  flex_column_div av-zero-column-padding first  avia-builder-el-6  el_after_av_one_third  el_before_av_one_third  column-top-margin\" style='border-radius:0px; '><p><div style='padding-bottom:10px; color:#2985e8;' class='av-special-heading av-special-heading-h2 custom-color-heading   avia-builder-el-7  el_before_av_textblock  avia-builder-el-first   '><h2 class='av-special-heading-tag '  itemprop=\"headline\"  >Horaires d\u2019ouverture<\/h2><div class='special-heading-border'><div class='special-heading-inner-border' style='border-color:#2985e8'><\/div><\/div><\/div><br \/>\n<section class=\"av_textblock_section \"  itemscope=\"itemscope\" itemtype=\"https:\/\/schema.org\/CreativeWork\" ><div class='avia_textblock  '   itemprop=\"text\" ><p>La salle de lecture et le service accueil sont ouverts tous les jours du dimanche au jeudi de 8h30 \u00e0 16h00 sans interruption.<\/p>\n<p>Le pr\u00eat et la consultation de 8h45 \u00e0 15h45.<\/p>\n<p>La biblioth\u00e8que est ferm\u00e9e :<\/p>\n<ul>\n<li>Pendant les vacances d\u2019\u00e9t\u00e9<\/li>\n<li>Pendant les f\u00eates nationales et religieuses.<\/li>\n<\/ul>\n<\/div><\/section><\/p><\/div>\n<div class=\"flex_column av_one_third  flex_column_div av-zero-column-padding   avia-builder-el-9  el_after_av_two_third  el_before_av_one_full  column-top-margin\" style='border-radius:0px; '><div id='avia-timeline-69e201f80e689' class='avia-timeline-container    avia-builder-el-10  avia-builder-el-no-sibling  ' ><ul class='avia-timeline avia-timeline-vertical av-milestone-placement-alternate avia-timeline- avia_animate_when_almost_visible avia-timeline-animate'>\n<li class='av-milestone av-animated-generic fade-in av-milestone-odd  av-milestone-valign-baseline'><h2 class='av-milestone-date  '  id='milestone-830'><strong>8:30  <span class='av-milestone-indicator'style='background-color:#2985e8; '><\/span><\/strong><\/h2><div class=\"av-milestone-icon-wrap\"><span class='milestone_icon avia-font-entypo-fontello' ><span class='milestone_inner' style='background-color:#2985e8; '><i class='milestone-char' aria-hidden='true' data-av_icon='\ue862' data-av_iconfont='entypo-fontello'><\/i><\/span><\/span><\/div><article class='av-milestone-content-wrap'><div class='av-milestone-contentbox' ><header class=\"entry-content-header\"><h4  class=' '>Dimanche<\/h4><\/header><div class='av-milestone-content' ><p>La salle de lecture et le service accueil sont ouverts tous les jours du dimanche au jeudi de 8h30 \u00e0 16h00 sans interruption.<\/p>\n<\/div><\/div><footer style='background-color:#2985e8; ' class='entry-footer'><\/footer><\/article><\/li>\n<li class='av-milestone av-animated-generic fade-in av-milestone-even  av-milestone-valign-baseline'><h2 class='av-milestone-date  '  id='milestone-1600'><strong>16:00<span class='av-milestone-indicator'style='background-color:#2985e8; '><\/span><\/strong><\/h2><article class='av-milestone-content-wrap'><div class='av-milestone-contentbox' ><header class=\"entry-content-header\"><h4  class=' '>Jeudi<\/h4><\/header><div class='av-milestone-content' ><\/div><\/div><footer style='background-color:#2985e8; ' class='entry-footer'><\/footer><\/article><div class=\"av-milestone-icon-wrap\"><span class='milestone_icon avia-font-entypo-fontello' ><span class='milestone_inner' style='background-color:#2985e8; '><i class='milestone-char' aria-hidden='true' data-av_icon='\ue863' data-av_iconfont='entypo-fontello'><\/i><\/span><\/span><\/div><h2 class='av-milestone-date  '  id='milestone-1600'><strong>16:00<span class='av-milestone-indicator'style='background-color:#2985e8; '><\/span><\/strong><\/h2><\/li>\n<\/ul><\/div><\/div>\n<div class=\"flex_column av_one_full  av-animated-generic pop-up  flex_column_div av-zero-column-padding first  avia-builder-el-11  el_after_av_one_third  el_before_av_one_full   column-top-margin\" style='border-radius:0px; '><p><div style='padding-bottom:10px; color:#2985e8;' class='av-special-heading av-special-heading-h2 custom-color-heading   avia-builder-el-12  el_before_av_textblock  avia-builder-el-first   '><h2 class='av-special-heading-tag '  itemprop=\"headline\"  >Espaces Disponibles<\/h2><div class='special-heading-border'><div class='special-heading-inner-border' style='border-color:#2985e8'><\/div><\/div><\/div><br \/>\n<section class=\"av_textblock_section \"  itemscope=\"itemscope\" itemtype=\"https:\/\/schema.org\/CreativeWork\" ><div class='avia_textblock  '   itemprop=\"text\" ><ul>\n<li>Une salle de lecture d&#8217;une capacit\u00e9 de 110 places<\/li>\n<li>\u00a0Le magasin<\/li>\n<li>\u00a0Un espace de travail pour recevoir et orienter les utilisateurs (\u00e9tudiants, professeurs et chercheurs).<\/li>\n<li>\u00a0Service de l&#8217;acquisition et du traitement .<\/li>\n<\/ul>\n<\/div><\/section><\/p><\/div>\n<div class=\"flex_column av_one_full  av-animated-generic pop-up  flex_column_div av-zero-column-padding first  avia-builder-el-14  el_after_av_one_full  el_before_av_one_third   column-top-margin\" style='border-radius:0px; '><div style='padding-bottom:10px; color:#2985e8;' class='av-special-heading av-special-heading-h2 custom-color-heading   avia-builder-el-15  avia-builder-el-no-sibling   '><h2 class='av-special-heading-tag '  itemprop=\"headline\"  >Missions des services de la Biblioth\u00e8que<\/h2><div class='special-heading-border'><div class='special-heading-inner-border' style='border-color:#2985e8'><\/div><\/div><\/div><\/div>\n<div class=\"flex_column av_one_third  flex_column_div av-zero-column-padding first  avia-builder-el-16  el_after_av_one_full  el_before_av_one_third  column-top-margin\" style='border-radius:0px; '><section class=\"av_textblock_section \"  itemscope=\"itemscope\" itemtype=\"https:\/\/schema.org\/CreativeWork\" ><div class='avia_textblock  av_inherit_color '   itemprop=\"text\" ><p><em><b>Service d\u2019accueil et d\u2019orientation :\u00a0<\/b><\/em><\/p>\n<ul>\n<li>Acc\u00e8s aux r\u00e9f\u00e9rences.<\/li>\n<li>Pr\u00eat interne et externe<\/li>\n<li>Inscription dans la biblioth\u00e8que<\/li>\n<li>Acc\u00e8s aux bases de donn\u00e9es<\/li>\n<li>Prendre soin des fonds de la biblioth\u00e8que et mettre \u00e0 jour les listes d&#8217;inventaire<\/li>\n<li>Signature du formulaire QUITUS<\/li>\n<li>Assurer que les portes de la biblioth\u00e8que restent ouvertes pendant les dates sp\u00e9cifi\u00e9es, et ceci afin d&#8217;assurer un bon fonctionnement.<\/li>\n<\/ul>\n<\/div><\/section><\/div>\n<div class=\"flex_column av_one_third  flex_column_div av-zero-column-padding   avia-builder-el-18  el_after_av_one_third  el_before_av_one_third  column-top-margin\" style='border-radius:0px; '><section class=\"av_textblock_section \"  itemscope=\"itemscope\" itemtype=\"https:\/\/schema.org\/CreativeWork\" ><div class='avia_textblock  '   itemprop=\"text\" ><p><em><b>Service de la recherche bibliographique:<\/b>\u00a0<\/em><\/p>\n<ul>\n<li>Assurer la promotion de la recherche bibliographique aupr\u00e8s des b\u00e9n\u00e9ficiaires et les accompagner dans la r\u00e9alisation de leurs recherches scientifiques \u00e0 travers:<\/li>\n<li>G\u00e9rer le site Web de la biblioth\u00e8que et fournir au site Web de l\u2019institution des informations sur la biblioth\u00e8que<\/li>\n<li>G\u00e9rer les comptes SNDL et fournir un compte priv\u00e9 \u00e0 chaque \u00e9tudiant<\/li>\n<li>G\u00e9rer les comptes SCHOLARVOX et fournir un compte priv\u00e9 \u00e0 chaque \u00e9tudiant<\/li>\n<\/ul>\n<ul>\n<li><\/li>\n<\/ul>\n<\/div><\/section><\/div>\n<div class=\"flex_column av_one_third  flex_column_div av-zero-column-padding   avia-builder-el-20  el_after_av_one_third  el_before_av_heading  column-top-margin\" style='border-radius:0px; '><section class=\"av_textblock_section \"  itemscope=\"itemscope\" itemtype=\"https:\/\/schema.org\/CreativeWork\" ><div class='avia_textblock  '   itemprop=\"text\" ><p><em><b>Service d&#8217;acquisition et traitement :<\/b>\u00a0<\/em><\/p>\n<ul>\n<li>Responsable de la s\u00e9rie documentaire.<\/li>\n<li>Recueillir les besoins de la biblioth\u00e8que selon les programmes d&#8217;enseignement<\/li>\n<li>Analyse des demandes et pr\u00e9paration de la liste des acquisitions<\/li>\n<li>La r\u00e9ception de la commande avec un accus\u00e9 de r\u00e9ception, puis enregistrement dans un registre sp\u00e9cial o\u00f9 les documents sont acquis via les index des \u00e9diteurs<\/li>\n<li>Utilisation du syst\u00e8me normalis\u00e9 SYNGEB (syst\u00e8me normalis\u00e9 de la gestion des biblioth\u00e8ques) pour le traitement des livres et des th\u00e8ses<\/li>\n<li>Catalogage du fonds documentaire selon les normes accept\u00e9es de description bibliographique.<\/li>\n<\/ul>\n<\/div><\/section><\/div>\n<div style='padding-bottom:10px; color:#2985e8;' class='av-special-heading av-special-heading-h3 custom-color-heading   avia-builder-el-22  el_after_av_one_third  el_before_av_one_half   '><h3 class='av-special-heading-tag '  itemprop=\"headline\"  >Syst\u00e8me du pr\u00eat de la Biblioth\u00e8que<\/h3><div class='special-heading-border'><div class='special-heading-inner-border' style='border-color:#2985e8'><\/div><\/div><\/div>\n<div class=\"flex_column av_one_half  avia-full-stretch flex_column_div av-zero-column-padding first  avia-builder-el-23  el_after_av_heading  el_before_av_one_half   \" style='border-radius:0px; '><p><section class=\"av_textblock_section \"  itemscope=\"itemscope\" itemtype=\"https:\/\/schema.org\/CreativeWork\" ><div class='avia_textblock  '   itemprop=\"text\" ><p><b>Enseignant\u00a0<\/b>:<\/p>\n<ul>\n<li>4 livres pendant un mois<\/li>\n<\/ul>\n<\/div><\/section><br \/>\n<div class=\"avia-animated-number av-force-default-color  avia-color-  avia-builder-el-25  el_after_av_textblock  avia-builder-el-last   avia_animate_when_visible\"  data-timer=\"3000\"><strong class=\"heading avia-animated-number-title\" ><span class='avia-animated-number-icon av-icon-before-number av-icon-char' aria-hidden='true' data-av_icon='\ue84f' data-av_iconfont='entypo-fontello'><\/span><span class=\"avia-single-number __av-single-number\" data-number_format=\"\" data-number=\"4\">4<\/span><\/strong><div class='avia-animated-number-content' ><\/div><\/div><\/p><\/div>\n<div class=\"flex_column av_one_half  avia-full-stretch flex_column_div av-zero-column-padding   avia-builder-el-26  el_after_av_one_half  avia-builder-el-last   \" style='border-radius:0px; '><p><section class=\"av_textblock_section \"  itemscope=\"itemscope\" itemtype=\"https:\/\/schema.org\/CreativeWork\" ><div class='avia_textblock  '   itemprop=\"text\" ><p><b>Etudiants (par niveau) :<\/b><\/p>\n<ul>\n<li>\u00c9tudiants du d\u00e9partement pr\u00e9paratoire (2) livres chaque semaine.<\/li>\n<li>\u00c9tudiants du master (2) livre et un m\u00e9moire pendent dix jours.<\/li>\n<li>Les doctorants (3) livres pendent vingt jours<\/li>\n<li>Pour les revues le pr\u00eat soit interne seulement<\/li>\n<li>Concernant les \u00e9tudiants externes le pr\u00eat soit interne seulement<\/li>\n<\/ul>\n<\/div><\/section><br \/>\n<div class=\"avia-animated-number av-force-default-color  avia-color-  avia-builder-el-28  el_after_av_textblock  avia-builder-el-last   avia_animate_when_visible\"  data-timer=\"3000\"><strong class=\"heading avia-animated-number-title\" ><span class='avia-animated-number-icon av-icon-before-number av-icon-char' aria-hidden='true' data-av_icon='\ue84e' data-av_iconfont='entypo-fontello'><\/span><span class=\"avia-single-number __av-single-number\" data-number_format=\"\" data-number=\"2\">2<\/span><span class=\"avia-no-number\">\/<\/span><span class=\"avia-single-number __av-single-number\" data-number_format=\"\" data-number=\"3\">3<\/span><\/strong><div class='avia-animated-number-content' ><\/div><\/div><\/p><\/div>\n","protected":false},"excerpt":{"rendered":"","protected":false},"author":6,"featured_media":0,"parent":0,"menu_order":0,"comment_status":"closed","ping_status":"closed","template":"","meta":{"_mi_skip_tracking":false,"_monsterinsights_sitenote_active":false,"_monsterinsights_sitenote_note":"","_monsterinsights_sitenote_category":0},"_links":{"self":[{"href":"https:\/\/hec.dz\/newsite\/index.php?rest_route=\/wp\/v2\/pages\/16642"}],"collection":[{"href":"https:\/\/hec.dz\/newsite\/index.php?rest_route=\/wp\/v2\/pages"}],"about":[{"href":"https:\/\/hec.dz\/newsite\/index.php?rest_route=\/wp\/v2\/types\/page"}],"author":[{"embeddable":true,"href":"https:\/\/hec.dz\/newsite\/index.php?rest_route=\/wp\/v2\/users\/6"}],"replies":[{"embeddable":true,"href":"https:\/\/hec.dz\/newsite\/index.php?rest_route=%2Fwp%2Fv2%2Fcomments&post=16642"}],"version-history":[{"count":3,"href":"https:\/\/hec.dz\/newsite\/index.php?rest_route=\/wp\/v2\/pages\/16642\/revisions"}],"predecessor-version":[{"id":16646,"href":"https:\/\/hec.dz\/newsite\/index.php?rest_route=\/wp\/v2\/pages\/16642\/revisions\/16646"}],"wp:attachment":[{"href":"https:\/\/hec.dz\/newsite\/index.php?rest_route=%2Fwp%2Fv2%2Fmedia&parent=16642"}],"curies":[{"name":"wp","href":"https:\/\/api.w.org\/{rel}","templated":true}]}}