{"id":12595,"date":"2023-04-15T13:22:02","date_gmt":"2023-04-15T11:22:02","guid":{"rendered":"https:\/\/hec.dz\/newsite\/?page_id=12595"},"modified":"2024-06-21T22:14:06","modified_gmt":"2024-06-21T20:14:06","slug":"candidatures-concours-master","status":"publish","type":"page","link":"https:\/\/hec.dz\/newsite\/?page_id=12595&lang=fr","title":{"rendered":"Candidatures Concours Master"},"content":{"rendered":"<section class=\"av_textblock_section \"  itemscope=\"itemscope\" itemtype=\"https:\/\/schema.org\/CreativeWork\" ><div class='avia_textblock  '   itemprop=\"text\" ><h4 style=\"text-align: center;\">Concours d\u2019acc\u00e8s au second cycle de l\u2019\u00c9cole des Hautes \u00c9tudes<br \/>\nCommerciales, Kol\u00e9a 2024\/2025<!--more--><\/h4>\n<\/div><\/section>\n<div class=\"flex_column av_one_full  flex_column_div first  avia-builder-el-1  el_after_av_textblock  el_before_av_textblock  column-top-margin\" ><div class='avia-icon-list-container  av-desktop-hide av-medium-hide av-small-hide av-mini-hide  avia-builder-el-2  avia-builder-el-no-sibling  '><ul class='avia-icon-list avia-icon-list-left av-iconlist-small avia_animate_when_almost_visible avia-iconlist-animate'>\n<li><div  class='iconlist_icon  avia-font-entypo-fontello'><span class='iconlist-char ' aria-hidden='true' data-av_icon='\ue8bd' data-av_iconfont='entypo-fontello'><\/span><\/div><article class=\"article-icon-entry \"  itemscope=\"itemscope\" itemtype=\"https:\/\/schema.org\/CreativeWork\" ><div class='iconlist_content_wrap'><header class=\"entry-content-header\"><\/header><div class='iconlist_content  '  itemprop=\"text\"  ><p><span style=\"color: #000080;\">Veuillez t\u00e9l\u00e9charger le dossier de candidature et le r\u00e8glement int\u00e9rieur du concours :<\/span><\/p>\n<\/div><\/div><footer class=\"entry-footer\"><\/footer><\/article><div class='iconlist-timeline'><\/div><\/li>\n<li><div  class='iconlist_icon  avia-font-entypo-fontello'><span class='iconlist-char ' aria-hidden='true' data-av_icon='\ue819' data-av_iconfont='entypo-fontello'><\/span><\/div><article class=\"article-icon-entry \"  itemscope=\"itemscope\" itemtype=\"https:\/\/schema.org\/CreativeWork\" ><div class='iconlist_content_wrap'><header class=\"entry-content-header\"><\/header><div class='iconlist_content  '  itemprop=\"text\"  ><hr \/>\n<\/div><\/div><footer class=\"entry-footer\"><\/footer><\/article><div class='iconlist-timeline'><\/div><\/li>\n<li><div  class='iconlist_icon  avia-font-entypo-fontello'><span class='iconlist-char ' aria-hidden='true' data-av_icon='\ue8b0' data-av_iconfont='entypo-fontello'><\/span><\/div><article class=\"article-icon-entry \"  itemscope=\"itemscope\" itemtype=\"https:\/\/schema.org\/CreativeWork\" ><div class='iconlist_content_wrap'><header class=\"entry-content-header\"><div class='av_iconlist_title iconlist_title_small  '  itemprop=\"headline\"  >- R\u00e8glement int\u00e9rieur du concours<\/div><\/header><div class='iconlist_content  '  itemprop=\"text\"  ><ul>\n<li><strong><a href=\"https:\/\/hec.dz\/newsite\/wp-content\/uploads\/2023\/05\/Guide-de-procedures-finalise1.pdf\" target=\"_blank\" rel=\"noopener\">Guide de proc\u00e9dures Modalit\u00e9s d\u2019organisation du Concours d\u2019Acc\u00e8s au Second Cycle de L&#8217;EHEC Au titre de l\u2019ann\u00e9e universitaire 2023\/2024.PDF<\/a><\/strong><\/li>\n<\/ul>\n<\/div><\/div><footer class=\"entry-footer\"><\/footer><\/article><div class='iconlist-timeline'><\/div><\/li>\n<li><div  class='iconlist_icon  avia-font-entypo-fontello'><span class='iconlist-char ' aria-hidden='true' data-av_icon='\ue819' data-av_iconfont='entypo-fontello'><\/span><\/div><article class=\"article-icon-entry \"  itemscope=\"itemscope\" itemtype=\"https:\/\/schema.org\/CreativeWork\" ><div class='iconlist_content_wrap'><header class=\"entry-content-header\"><\/header><div class='iconlist_content  '  itemprop=\"text\"  ><hr \/>\n<\/div><\/div><footer class=\"entry-footer\"><\/footer><\/article><div class='iconlist-timeline'><\/div><\/li>\n<\/ul><\/div><\/div>\n<section class=\"av_textblock_section \"  itemscope=\"itemscope\" itemtype=\"https:\/\/schema.org\/CreativeWork\" ><div class='avia_textblock  '   itemprop=\"text\" ><h2 style=\"text-align: center;\"><span style=\"color: #000080;\">\u0633\u062d\u0628 \u0627\u0644\u0627\u0633\u062a\u062f\u0639\u0627\u0621 <\/span><\/h2>\n<hr \/>\n<h2 style=\"text-align: center;\"><span style=\"color: #000080;\">Convocation Collection<\/span><\/h2>\n<hr \/>\n<h2 style=\"text-align: center;\"><span style=\"color: #000080;\">R\u00e9cup\u00e9ration de la Convocation<\/span><\/h2>\n<hr \/>\n<\/div><\/section>\n\n","protected":false},"excerpt":{"rendered":"","protected":false},"author":2,"featured_media":0,"parent":1122,"menu_order":0,"comment_status":"open","ping_status":"closed","template":"","meta":{"_mi_skip_tracking":false,"_monsterinsights_sitenote_active":false,"_monsterinsights_sitenote_note":"","_monsterinsights_sitenote_category":0},"_links":{"self":[{"href":"https:\/\/hec.dz\/newsite\/index.php?rest_route=\/wp\/v2\/pages\/12595"}],"collection":[{"href":"https:\/\/hec.dz\/newsite\/index.php?rest_route=\/wp\/v2\/pages"}],"about":[{"href":"https:\/\/hec.dz\/newsite\/index.php?rest_route=\/wp\/v2\/types\/page"}],"author":[{"embeddable":true,"href":"https:\/\/hec.dz\/newsite\/index.php?rest_route=\/wp\/v2\/users\/2"}],"replies":[{"embeddable":true,"href":"https:\/\/hec.dz\/newsite\/index.php?rest_route=%2Fwp%2Fv2%2Fcomments&post=12595"}],"version-history":[{"count":23,"href":"https:\/\/hec.dz\/newsite\/index.php?rest_route=\/wp\/v2\/pages\/12595\/revisions"}],"predecessor-version":[{"id":16084,"href":"https:\/\/hec.dz\/newsite\/index.php?rest_route=\/wp\/v2\/pages\/12595\/revisions\/16084"}],"up":[{"embeddable":true,"href":"https:\/\/hec.dz\/newsite\/index.php?rest_route=\/wp\/v2\/pages\/1122"}],"wp:attachment":[{"href":"https:\/\/hec.dz\/newsite\/index.php?rest_route=%2Fwp%2Fv2%2Fmedia&parent=12595"}],"curies":[{"name":"wp","href":"https:\/\/api.w.org\/{rel}","templated":true}]}}